{"id":768,"date":"2021-03-31T15:59:28","date_gmt":"2021-03-31T13:59:28","guid":{"rendered":"http:\/\/legourmet.cloth.be\/shop\/non%20class\u00e9\/earl-grey-vert-calabria\/"},"modified":"2024-12-06T10:19:24","modified_gmt":"2024-12-06T09:19:24","slug":"earl-grey-vert-calabria","status":"publish","type":"product","link":"https:\/\/cafelegourmet.be\/fr\/shop\/non-classe\/earl-grey-vert-calabria\/","title":{"rendered":"EARL GREY VERT CALABRIA"},"content":{"rendered":"","protected":false},"excerpt":{"rendered":"Th\u00e9 vert ar\u00f4matis\u00e9\r\n\r\nNote dominante: agrumes\r\n\r\nIngr\u00e9dients: th\u00e9 vert, p\u00e9tales de fleur, huile essentielle de bergamote","protected":false},"featured_media":821,"template":"","meta":{"_acf_changed":false},"product_brand":[],"product_cat":[61],"product_tag":[],"class_list":{"0":"post-768","1":"product","2":"type-product","3":"status-publish","4":"has-post-thumbnail","6":"product_cat-non-classe","7":"pa_gewicht-100-g","8":"pa_produkte-the","10":"first","11":"instock","12":"taxable","13":"shipping-taxable","14":"purchasable","15":"product-type-simple"},"acf":[],"_links":{"self":[{"href":"https:\/\/cafelegourmet.be\/fr\/wp-json\/wp\/v2\/product\/768","targetHints":{"allow":["GET"]}}],"collection":[{"href":"https:\/\/cafelegourmet.be\/fr\/wp-json\/wp\/v2\/product"}],"about":[{"href":"https:\/\/cafelegourmet.be\/fr\/wp-json\/wp\/v2\/types\/product"}],"wp:featuredmedia":[{"embeddable":true,"href":"https:\/\/cafelegourmet.be\/fr\/wp-json\/wp\/v2\/media\/821"}],"wp:attachment":[{"href":"https:\/\/cafelegourmet.be\/fr\/wp-json\/wp\/v2\/media?parent=768"}],"wp:term":[{"taxonomy":"product_brand","embeddable":true,"href":"https:\/\/cafelegourmet.be\/fr\/wp-json\/wp\/v2\/product_brand?post=768"},{"taxonomy":"product_cat","embeddable":true,"href":"https:\/\/cafelegourmet.be\/fr\/wp-json\/wp\/v2\/product_cat?post=768"},{"taxonomy":"product_tag","embeddable":true,"href":"https:\/\/cafelegourmet.be\/fr\/wp-json\/wp\/v2\/product_tag?post=768"}],"curies":[{"name":"wp","href":"https:\/\/api.w.org\/{rel}","templated":true}]}}

http://legourmet.cloth.be/shop/non%20classé/earl-grey-vert-calabria/

Thé vert arômatisé

Note dominante: agrumes

Ingrédients: thé vert, pétales de fleur, huile essentielle de bergamote
